e 0 = 4*s - 2*d - 116, -4*d + 0*d = -8. Suppose -2*o + 20 = -s. What are the prime factors of o?
5
Let t(o) = o**2 + o + 11. Suppose j = 2*j. What are the prime factors of t(j)?
11
Let j = 62 + -38. Let c = j - 15. What are the prime factors of c?
3
Let r = -55 + 79. List the prime factors of r.
2, 3
Suppose -4*u + 61 = -5*w, -3*w + w - 46 = -4*u. Let j = u + 3. List the prime factors of j.
2, 3
Let o(h) = 1 + h + 5*h + 8 + h**2. Let a be o(-6). Let t = a - 3. What are the prime factors of t?
2, 3
Suppose 126 = d + 6. What are the prime factors of d?
2, 3, 5
Let o(w) = -10*w**3 - w**2 + 1. Let a be o(-1). Let k = -5 + a. What are the prime factors of k?
5
Let t(n) = -n**2 + 2*n + 2. Let q be t(3). Let k = q + 41. What are the prime factors of k?
2, 5
Let b(k) = -4 - 3*k - 1 + 6. Suppose -5*r + 2*r - 22 = 2*p, 4*r - 4 = 4*p. List the prime factors of b(p).
2
Let p(h) = -h**3 - 10*h**2 - 8*h + 9. Let s be p(-9). Suppose s = l - 3, 2*r = r + 2*l + 22. What are the prime factors of r?
2, 7
Suppose 2*s - 4*g + 6 = -g, -s = -3*g + 9. Let o(f) = -10 - f - 2*f + s. What are the prime factors of o(-5)?
2
Suppose -5*y - 2*l + 3*l + 151 = 0, 3*y - 2*l - 85 = 0. Let s = y - 20. List the prime factors of s.
11
Suppose 4*t = -4*x, 0*t = -2*t - 5*x - 12. Suppose t*u - 7 = 2*f - f, 3 = -4*u + 3*f. List the prime factors of u.
3
Let y(s) = -2*s + 3. List the prime factors of y(-6).
3, 5
Let h(t) = 3*t + t**3 + t**2 + t**2 + 7*t**2 - 2*t**2 - 7. Let z(v) = v**3 + 5*v**2 - 6*v - 6. Let b be z(-6). What are the prime factors of h(b)?
11
Suppose -3*t + 3*a - 57 = 0, 2*a = -t + 3 - 19. Let u = -10 - t. List the prime factors of u.
2
Let p(a) = a**3 - 2*a**2 - 2*a + 1. Suppose -2*b = -4*m + 8, -2 = -5*m + 2*b + 9. Let c be p(m). What are the prime factors of 1 - (-1)/(2/c)?
3
Let q(f) = 3 + 2 - 6 + 11*f + 0. List the prime factors of q(1).
2, 5
What are the prime factors of (2*-1 + 183)/(4 - 3)?
181
Let h be 20/(-6) + 1/3. Let u(r) = 20*r + 12. Let c(p) = -7*p - 4. Let a(t) = -11*c(t) - 4*u(t). What are the prime factors of a(h)?
5
Let l(i) = i + 4. Let p be l(9). Let k = p + 18. What are the prime factors of k?
31
Suppose -h = -5*h - 16, -2*q + h + 54 = 0. Suppose -3*p = -4*p + 5*x + q, 0 = -5*p + x + 53. List the prime factors of p.
2, 5
Suppose 0 = 3*i - 2*x - 124, -2*i + 172 = 2*i - 4*x. What are the prime factors of i?
2, 19
Let f = -16 + 10. Let h be 1*(f - -3) - 3. List the prime factors of (-40)/(-6)*(-9)/h.
2, 5
Let r(f) = f**3 - 2*f**2 - 2. List the prime factors of r(3).
7
Suppose i + 17 = -0*j - 4*j, -2*j = -i + 13. Suppose 5*q = i*q - 18. Let r = q - -18. List the prime factors of r.
3
Let n be 16/(-6)*15/(-4). Let t = n - 3. What are the prime factors of (-4)/(-14) - (-68)/t?
2, 5
Let b(f) = 0 + 5 - 7 + 2*f + 7*f**2. What are the prime factors of b(2)?
2, 3, 5
Let u be 10/(-2)*6/(-15). Let f(a) = 0*a**2 + 4*a + 8*a**2 - 4 + a**3 - u*a**2. What are the prime factors of f(-4)?
2, 3
Suppose 15 = -4*f - 5. Let x(i) = 2*i - 3. Let u be x(6). Let c = u + f. What are the prime factors of c?
2
Let c = 8 - 3. Suppose 5*r - 27 = -12. Suppose -r*d + c*a = -6*d + 37, -4*d + 3*a + 30 = 0. List the prime factors of d.
3
What are the prime factors of (22/5 + -4)*(470 + 0)?
2, 47
Suppose -4*x + 44 = -12. What are the prime factors of x?
2, 7
Let v(r) = -r**2 - 9*r + 4. Let u be v(-6). Suppose 3*p = 2*p + u. Suppose y + y - p = 0. What are the prime factors of y?
11
Let q(r) = -2*r - 2 + 3*r + 9*r. List the prime factors of q(3).
2, 7
Suppose 4*z - 4*v - 1 - 7 = 0, -z + 10 = -5*v. Let j be ((-5)/(-1))/1 - z. Suppose j*t = -i - 3*i + 53, 5*i - 37 = -4*t. List the prime factors of t.
13
Let w(h) = 10*h**2 - 4*h + 5. List the prime factors of w(3).
83
Let l(c) = c**3 + 7*c**2 - 10*c - 1. Let r be l(-8). Let k be -2*-2*r/12. Suppose -5*z = -q + 2*q - k, 4*q - 3*z - 20 = 0. What are the prime factors of q?
5
Let v = -4 - -6. Let h(u) = 4*u. What are the prime factors of h(v)?
2
Let a be (9*2)/(3/52). Suppose -3*b = b - a. Suppose -53 = -3*g - 2*t, -2*t - b = -3*g + t. What are the prime factors of g?
3, 7
Let x = 71 - 48. What are the prime factors of x?
23
Let s(v) = 3*v**2 + 2*v + 1. Let w be (-2 + 9/6)*2. Let n be s(w). Suppose 44 = -n*d + 6*d. List the prime factors of d.
11
Let t = -2 + 2. Let u(k) = 5*k**3 + k - 8. Let v(x) = 9*x**3 + 2*x - 16. Let h(w) = 7*u(w) - 4*v(w). List the prime factors of h(t).
2
Suppose 227 = 5*f - 4*n, -3*n = -2*f - 2*n + 92. List the prime factors of f.
47
What are the prime factors of ((-8)/(-4))/(-1 - 101/(-99))?
3, 11
Suppose 16*q = 5116 - 316. What are the prime factors of q?
2, 3, 5
Let w(u) = -5*u + 4*u - 1 + 0*u + 10*u**2 - u. Suppose 5*j - 15 = -5*z, z - 6*z - 1 = j. List the prime factors of w(z).
11
Let q be 1*(8 - (1 - 1)). Let d = -3 + q. List the prime factors of (-58)/(-5) + 2/d.
2, 3
Suppose s - 137 = 85. What are the prime factors of s?
2, 3, 37
Let w = 16 - 13. What are the prime factors of 464/(-24)*w/(-2)?
29
Let m(q) = 2*q - 6. Let n be m(4). List the prime factors of 23/n - (-3)/2.
13
Suppose 0 = -0*t - t + 31. Suppose 2*g - 9 - t = 0. What are the prime factors of g?
2, 5
Let w(l) = -l. Let u be w(3). Let i be 1/u*(-3 + 0). List the prime factors of -2*(-10 + (i - 1)).
2, 5
Let x(b) = -116*b**3 + 2*b**2 + 2*b + 1. Let p be x(-1). Let m = p - 57. Suppose m = -0*t + 3*t. What are the prime factors of t?
2, 5
Let u be -1 + -2 - (-6 - 145). Suppose 0 = 5*t - u - 7. List the prime factors of t.
31
Suppose -1 = i - 3. Suppose -j - m = -i, 4*j + m - 1 = -2. List the prime factors of j*2 - (-22 - 0).
2, 5
Let z(s) = s**2 + 3*s + 4. Let n be (-8)/(4*(-4)/(-8)). List the prime factors of z(n).
2
Let b(l) = -l**2 - 6*l + 7. Let g be b(-7). Suppose 4*a - 23 - 89 = g. Let r = a - 17. What are the prime factors of r?
11
Suppose -3*i - 4*c + 67 = 0, -3*i = 5*c - 62 - 6. What are the prime factors of i?
3, 7
Let b(n) = -n**3 - 8*n**2 - 7*n + 9. Let m be b(-7). Let q(j) = -3*j - 2. Let p be q(-2). Suppose -x = -p*x + m. What are the prime factors of x?
3
Suppose 2*y + 2*y - 152 = 0. What are the prime factors of y?
2, 19
Let v(m) = 3 + m**3 + 0*m**2 - m - 5*m**2 + 5*m. What are the prime factors of v(4)?
3
Let i be (3 + -4)/(3/(-6)). Suppose 2*w - 4*w - 5*c - 11 = 0, i*w + 3*c = -1. List the prime factors of w.
7
Let j = -5 + 4. List the prime factors of (-42)/(-24) + j/(-4).
2
Let r be (-2)/(2 - 0)*0. Let b(a) = -a + 5. Let s be b(r). Suppose -s*m - 4 + 19 = 0. What are the prime factors of m?
3
Suppose 0 = 8*r - 3*r + 5*o - 195, r = -3*o + 37. Suppose -4*n = 3*x - 51, r = x + 5*n + 12. List the prime factors of x.
13
What are the prime factors of ((-66)/(-22))/(-2*(-2)/164)?
3, 41
Let n be (-5)/5*(-99 - 0). Let y be (-1)/(-4) + n/4. Suppose 2*g = 3*b - 2, 0*g + g = -5*b + y. What are the prime factors of b?
2
Suppose -3*x = -3, 2*x + 139 = v + 3*x. Suppose 5*p = 2*p + v. List the prime factors of p.
2, 23
Let a(y) = 2*y**2 + 3*y - 4. Let r be a(-3). Suppose r*k - 125 = -5*t, 0 = 5*t - 7*k + 4*k - 149. List the prime factors of t.
2, 7
Let u be (132/18)/((-2)/(-3)). Let l = -7 + u. What are the prime factors of l?
2
Let o(q) = q + 5. Let y be o(4). Let n = -5 + 6. Suppose 2*m - y = -n. List the prime factors of m.
2
Let c = 8 + -16. Let h(v) = -v**3 - 8*v**2 - 2*v - 9. What are the prime factors of h(c)?
7
Let d be (-2)/(-4) - 7/(-14). Suppose -20 = -2*z - 4*s, -z + 4*s + 0*s = 14. Let g = z + d. List the prime factors of g.
3
Let n(d) = -7*d + 8. Let g be n(-7). Suppose -3*v + g + 36 = 0. List the prime factors of v.
31
Let w = -3 + 21. What are the prime factors of w?
2, 3
Let z = -4 + 4. Suppose 5*l - 5 = z, 3*k + 3*l - 2*l - 7 = 0. What are the prime factors of k?
2
Let k(c) = c**3 - 11*c**2 + 3. Let h be -33*(-2)/(-12)*-2. Let u be k(h). Suppose -u*a + 4*q = 2, a + 3*q - 2 - 6 = 0. List the prime factors of a.
2
Let f(x) = -x + 11. Let a be f(8). Suppose a*j = 4*k - 29, -j + 5*j - 3*k + 48 = 0. What are the prime factors of (-84)/(-10) - (-6)/j?
2
Let s(n) be the second derivative of n**5/2 + n**4/6 - n**3/6 + 2*n. Suppose 5*m = l + 9, 2*m = -5*l + 10 - 1. List the prime factors of s(l).
11
Let k = -181 - -91. What are the prime factors of (4/(-3))/(12/k)?
2, 5
Let o(s) = 7*s - 3*s - 12 + 4*s - 3*s. List the prime factors o